 0 = 4*y - w*y - 4*i + 1164, 0 = -3*i. List the prime factors of y.
3, 97
Let w(a) = -7 - 2 - a + 4 - 5. Let h be w(-13). Suppose 2*v = h - 11, 2*v + 436 = 4*z. List the prime factors of z.
107
What are the prime factors of (-6 - (-6885)/(-18) - 2)*(-2 - 8)?
5, 11, 71
Let p(w) = 7*w + 92. Let a be p(-11). What are the prime factors of (1608 - a)*(-1)/(-3)?
3, 59
Let d(s) = -s**2 - 10*s - 12. Let f be d(-8). Suppose 4024 = f*x - 4*n, 6*n - 3*n - 9 = 0. What are the prime factors of x?
1009
Let n(k) = 11*k**3 - k. Let l be n(1). Suppose -14*v + 128 = -l*v. List the prime factors of v.
2
Let p be 6 - ((-48)/(-14) - 20/(-35)). Suppose -v = p*v - 753. What are the prime factors of v?
251
Suppose -2*n - 15*h + 14*h = -25854, n - 12927 = 4*h. What are the prime factors of n?
3, 31, 139
Suppose -52*o + 274032 + 152037 = -933419. List the prime factors of o.
2, 19, 43
Let x(d) be the first derivative of d**3/3 + 7*d - 12. Let c be x(-5). Suppose 0 = -c*q + 34*q - 146. What are the prime factors of q?
73
Let g = -519 + 1167. Let y = 1196 - g. List the prime factors of y.
2, 137
Let o(g) = 5*g**2 + 6*g - 43. Let x be o(8). Let m = x - 134. List the prime factors of m.
191
Suppose -20*d + 29*d = -1962. Let l = d - -297. List the prime factors of l.
79
List the prime factors of (-4)/(-14) - (-4044302)/994.
13, 313
Let l(s) = s**3 - 37*s**2 - 61*s + 66. Let g be l(37). Let n = -297 - g. What are the prime factors of n?
2, 947
Suppose -5*w = -3838 + 3853. Let y be (102/4)/((-15)/(-40)). What are the prime factors of (-56)/w*561/y?
2, 7, 11
Let s be (-448)/(-44) - 32/176. Suppose 0 = -2*f + s*u - 8*u + 2178, -4*u = 5*f - 5400. List the prime factors of f.
2, 271
Let c(h) = -3*h - 3. Let g be c(-5). Suppose 0 = -0*q + 3*q - g. Suppose q*j - 148 - 104 = 0. List the prime factors of j.
3, 7
Let u be (-2 + 1 + 3)*-10. Suppose 4*c = 4*s + 12, -4*s = 5*c - 4 - 56. List the prime factors of (-26)/4*(c + u) - -2.
2, 5
Let s be ((-2)/(40/(-15)))/(1/4). Let u(o) = 17*o**2 - 3*o + 4. Let t be u(-3). Suppose -v - 256 = -s*a, t = 7*a - 5*a - 3*v. What are the prime factors of a?
2, 43
Suppose 2533 + 49854 + 53926 = 41*o. What are the prime factors of o?
2593
Suppose 5*b + 3*v - 129 = -601, 4*b - 2*v + 382 = 0. Let u = 106 - b. List the prime factors of u.
3, 67
What are the prime factors of (-166832)/(-6)*954/424?
2, 3, 10427
Suppose -5*u + 2*s = 17 - 4, 3*u = s - 7. Let g be u + -2 - -1*(0 - 5). Let a = g + 72. List the prime factors of a.
2
Suppose 418*t - 423*t = -25. Suppose t*r + 3*o - 734 = 4*r, -2*o = -2*r + 1484. What are the prime factors of r?
2, 5, 37
Let l(q) = -q**3 + 4*q**2 + 3*q - 9. Let v be l(4). Suppose v*s + 4*h = -148 + 640, -s + h + 157 = 0. Let c = -81 + s. What are the prime factors of c?
79
Let s(a) = -4545*a + 55. List the prime factors of s(-4).
5, 7, 521
Let j(a) = -4*a**2 - 17*a + 6. Let p be j(-5). List the prime factors of p*-7*(-78)/(-18).
3, 7, 13
Let q(u) = -45*u - 4. Let n(p) = -p**2 - 5*p + 10. Let l be n(-6). Let z be (9 - 6)/((-6)/l). What are the prime factors of q(z)?
2, 43
Let c = 63 - 63. Let k(w) = -w**3 - w**2 + w - 6. Let i be k(c). List the prime factors of (1 + i)*166/(-5).
2, 83
Let p = 59 + -53. Let o = p - 2. Suppose -2*z + 10 = 0, -o*a + 5*z - 7*z = -854. List the prime factors of a.
211
Suppose 981 + 2772 = 3*y. Suppose y = n - 373. List the prime factors of n.
2, 7, 29
Let t be ((-940)/(-3))/(3/9). Suppose 3*a + 2*a = -t. Let s = a - -269. What are the prime factors of s?
3
Suppose -y = -1 - 3. Suppose -t + y = -x + 6*x, 20 = 5*t - 5*x. Suppose 0 = -5*s - t*j + 296, 2*j = -5*s + j + 284. What are the prime factors of s?
2, 7
Suppose 0 = -18*b + 19*b + 56. What are the prime factors of 42/b - (-7533)/12?
3, 11, 19
Let m(f) be the second derivative of 2*f**3/3 - 13*f**2 + 20*f. Let i be m(7). Suppose z - 315 = -i*b, 0*b - 4*z = -5*b + 794. What are the prime factors of b?
2, 79
Let s be 1 + 1 - (-66)/6. Let b(v) = 4*v + 127 + s - 37. List the prime factors of b(0).
103
Let x(w) = -7*w - 21. Let o(f) = -f. Let s(i) = 18*o(i) - 2*x(i). Let y be s(12). List the prime factors of 211 - ((-27)/y + (-9)/6).
2, 13
Let c(r) = -3*r**3 - 12*r + 22. List the prime factors of c(-9).
7, 331
Suppose -1843 = -3*g + 2*m, 5*g + 2*m - 7*m - 3070 = 0. Suppose 5*s - 10*s = -g. Suppose -3*a + 93 + s = 0. List the prime factors of a.
2, 3
Let g be 16/(-6)*3/(-2). Let n = 28 - 23. Suppose g*a - 2*s - 152 = 0, -5*a - n*s + 190 - 30 = 0. What are the prime factors of a?
2, 3
Let s be (-4)/(-3) + -1 + (-102)/9. Let p = 13 - s. List the prime factors of ((-9)/(-2))/(18/p).
2, 3
Suppose -64*p + 66*p = -b + 2245, 11220 = 5*b + 5*p. List the prime factors of b.
2243
Suppose -14*c + 18 + 24 = 0. List the prime factors of (121/c)/(46/(-6) + 8).
11
Let u(g) = 15*g + 5. Let m be u(8). Let y = 56 + m. What are the prime factors of y?
181
Let o(d) = 18*d + 216. Let w(l) = 3*l**3 - 2*l**2 + 2*l - 7. Let z be w(2). What are the prime factors of o(z)?
2, 3, 5
Let u = 2875 - -5092. List the prime factors of u.
31, 257
Let b be (-22)/(-11)*1126 - -1. Let f = -9 - -3. What are the prime factors of f/21 + b/21?
107
Suppose 0 = 91*f - 155072 - 225308. What are the prime factors of f?
2, 5, 11, 19
Suppose 7*g - 2382 = 4*g. Let t = 1143 - g. What are the prime factors of t?
349
Let p = 18 - 13. Suppose -2*w = 3*w + p*j - 560, 5*w + j = 544. Suppose w = -11*o + 12*o. What are the prime factors of o?
2, 3
Suppose 40 = 4*x - k, 4*k + 10 = 2*x - x. Suppose -x*g - 139 = -11*g. What are the prime factors of g?
139
Let x(v) = -v + 41. Let h be x(9). Suppose 12*a = 5*n + 15*a - 162, -n - a + h = 0. What are the prime factors of n?
3, 11
Let j = 3 - 1. Let d be (-66)/(-3) - (1 + (j - 2)). What are the prime factors of 24/((1 + 2)/(d/2))?
2, 3, 7
Let a be (6 - 5)*0/(-2). Suppose a = 7*s - 245 - 6342. What are the prime factors of s?
941
Let l = -53550 + 135222. List the prime factors of l.
2, 3, 41, 83
List the prime factors of -10402*7/(-2)*36/252.
7, 743
Suppose 3884208 = 187*l - 2675378. What are the prime factors of l?
2, 17539
Let p be (1 + 2/(-4))/(1/74). Suppose 2 = -7*n + p. Suppose f = n*f - 52. What are the prime factors of f?
13
What are the prime factors of (-6)/(-33) - (-4703856)/528?
59, 151
Let d(y) = 3*y**3 - 1 - 32*y**2 + 16*y - 14*y + 2*y**3 + 13*y**2. What are the prime factors of d(6)?
11, 37
Suppose 0 = -5*t + u + 22657 - 6090, 0 = 4*t + u - 13259. List the prime factors of t.
2, 1657
Let k(r) = -16*r - 78. Let g be k(-6). What are the prime factors of 320*(-1 + g/12)?
2, 5
Suppose -2857680 = -83*m - 61*m. What are the prime factors of m?
3, 5, 7
Suppose 5*n - 2*o = -71, -4*o + 65 = -5*n + o. What are the prime factors of 846/n*(1 + -6)?
2, 3, 47
Suppose z - 2*j - 13788 = 0, -3*j - 27594 = -2*z - 2*j. What are the prime factors of z?
2, 3, 5, 23
Suppose j + 18 = 34. Suppose -15*o + j*o - 3 = 0. Suppose -6*h + 12 = -o*h. List the prime factors of h.
2
Let j(g) = -5*g**2 + 23*g + 3. Let l be j(4). Let o(i) = i**3 - 11*i**2 - 48*i + 12. What are the prime factors of o(l)?
2, 3
Suppose -230171 = -27*p - 121845 + 430459. What are the prime factors of p?
5, 13, 307
Let v(u) = 171*u**2 - 120*u + 1338. List the prime factors of v(10).
2, 3, 13, 17
Let z(o) = -o**3 + 15*o**2 + 16*o + 3. Let h be z(16). Suppose -2*y + 24 = 4*k, 36 = h*y - 0*k - k. List the prime factors of y + -12 + -3*(-2 + -2).
2, 3
Suppose -926*w + 921*w = -5, -5*w = t - 6589. What are the prime factors of t?
2, 823
Let r(u) = -2*u**3 - 3*u**2 - 5*u - 8. Let c be r(-2). Suppose -201 = -c*m + 591. What are the prime factors of m?
2, 3, 11
What are the prime factors of ((-8439)/58)/((-1)/78)?
3, 13, 97
Let m = 12619 - 8209. What are the prime factors of m?
2, 3, 5, 7
Let n(b) = -9 + b**3 - b**2 + 4*b**2 + 0*b**3 - 2*b + 2*b**2. Let k be n(-5). Let q = k + 5. List the prime factors of q.
2, 3
Suppose 30*s + 8*s - 1359267 = -53*s. What are the prime factors of s?
3, 13, 383
Suppose 12*b - 8*b = 4. Suppose -b = -t, -x - 4*t = 2*x - 22. Suppose x*a + a = 28. List the prime factors of a.
2
Let g be ((-42)/15)/(-7) + 13/5. Let j be 2/g - (-2984)/6. Suppose -j - 246 = -8*o. What are the prime factors of o?
3, 31
What are the prime factors of 23/(460/586950) - 6/(-4)?
3, 1087
List the prime factors of 1